. Suppose -5*a + q + 5 = 0. What are the prime factors of a?
3
Let a(b) = -16 - 3*b + 15 - b. Let t be a(-3). Suppose 0*k = -3*k + 5*z + t, 2*z - 25 = -3*k. List the prime factors of k.
7
Let g(z) = 2 + 5*z - 6*z + 5*z - 9. What are the prime factors of g(5)?
13
Let k(d) = -d**2 - 12*d. Let j(n) = n**2 + n. Let t(c) = 6*j(c) + k(c). Let i be t(5). Suppose -3*y + i = 2*y. List the prime factors of y.
19
Suppose 360 = n + 3*a, 5 = -0*a + a. List the prime factors of 2/9 + n/27.
13
Let w = -10 - -7. Let f be 16/(w/((-3)/(-1))). List the prime factors of (36/(-8))/(6/f).
2, 3
Let f = 38 - 8. Suppose -m = 4*m - f. What are the prime factors of m?
2, 3
Let c be 3 + 0 + 0 + -1. Suppose c*v - 64 = -2*b, -38 = -3*v + 5*b + 34. What are the prime factors of v?
29
Let v be (-15)/18*-3*-2. Let r = v + 13. What are the prime factors of r/(-10)*105/(-7)?
2, 3
Let p = -14 - -39. Suppose 3*k - p = 17. What are the prime factors of k?
2, 7
Suppose -3*y - j = -376, y + 3*j - j = 132. List the prime factors of y.
2, 31
Let g(p) = p + 7. Let v be g(15). What are the prime factors of 3 + (-2 - -3) + v?
2, 13
Suppose 3*d + 42 = 2*s, -s + d = 4*s - 105. What are the prime factors of s?
3, 7
What are the prime factors of -1*(-2 - -320)*1*-1?
2, 3, 53
Let t = 188 + -121. List the prime factors of t.
67
Let a be (-1 - -7)/3*-1. Let i(c) = -c**3 - c. List the prime factors of i(a).
2, 5
Let c = -9 + 14. Let o = -93 + 153. Suppose c = 5*s - o. What are the prime factors of s?
13
Let a(n) = -2*n**3 - n**2 + 2*n + 3. Suppose -r + 7 = -2*m - 0, 7 = 4*m + 5*r. What are the prime factors of a(m)?
11
Let j(w) = w**3 - 2*w**2. Let l be j(2). Suppose l = q - 3*q + 28. List the prime factors of q.
2, 7
Suppose -46 = -2*k + k. Suppose 5*p + k = 196. What are the prime factors of p?
2, 3, 5
What are the prime factors of 5/(-5)*48*(-9)/2?
2, 3
Let s(h) = h**3 - 8*h**2 + h - 9. Let j be s(8). Let f be ((-6)/(-2))/(j/5). Let z = -4 - f. What are the prime factors of z?
11
Let p be 4/((-24)/9)*-2. List the prime factors of 1 + -6 + p + 22.
2, 5
Suppose -20 - 52 = -2*o + 2*s, o - 38 = 2*s. What are the prime factors of o?
2, 17
Let f = 378 - 268. Suppose -3*k + 4*o + 76 = 0, -4*k - 3*o = -4*o - f. Suppose i - 35 = -5*v - 4*i, 3*v - k = 4*i. List the prime factors of v.
2
Let y = -4 + 8. Let h be 5*(6/(-5) - -2). Suppose -5*j = y*f - 52, -2*f + h*j + 0*j = 0. List the prime factors of f.
2
Suppose -3*z = -62 - 199. List the prime factors of z.
3, 29
Suppose -l = 4*a - 40, -4*l - 2 + 22 = 2*a. Let r be a/14 - 2/(-7). Let s(y) = 17*y - 1. List the prime factors of s(r).
2
Suppose 0 = 3*r + 5*m - 47, -5*r = 2*m - 40 - 70. Let d = -16 + r. List the prime factors of d.
2
Let n(j) = -2 + 3*j**2 + 3 - 2*j - 2*j**2. Let c be n(1). Let k(w) = w + 14. What are the prime factors of k(c)?
2, 7
Let u be (-5)/(-25) - (-181)/(-5). Let p be 3*(-2 + 26/(-6)). Let a = p - u. What are the prime factors of a?
17
Suppose -7*i = -4*i - 273. What are the prime factors of i?
7, 13
Suppose 2 = x + 5*p, -x = -4*p - 8 - 3. Let i be 82/8 - (-1)/(-4). Let a = i - x. What are the prime factors of a?
3
Let s(h) = 45*h + 1. Let j be s(1). Let q = -26 + j. List the prime factors of q.
2, 5
Let m be 30/8 - 2/(-8). Suppose n + 13 - 5 = a, -5*a = 4*n - m. Suppose a = h + h. List the prime factors of h.
2
Suppose -4*k = -3*k + 5. Let g = k + 9. Let w = g + -1. List the prime factors of w.
3
Suppose 16*o = 20*o - 208. List the prime factors of o.
2, 13
Suppose 3*r - 212 - 225 = -5*y, 0 = -2*y - 4. What are the prime factors of r?
149
Let w(z) = -6*z - 2. Let h(m) = m**2 - 9*m + 9. Let c be h(7). List the prime factors of w(c).
2, 7
What are the prime factors of (-2)/12 + 6413/66?
97
Let z(t) = -t**3 - 5*t**2 + 6*t - 1. Let k be z(-6). Let y be k/(-3) - (-118)/6. Suppose 0 = 5*s - 30 - y. List the prime factors of s.
2, 5
Let v = -7 - -12. Suppose 82 + 3 = v*w. What are the prime factors of w?
17
Let a = -162 + 112. Let q = a + 77. What are the prime factors of q?
3
Suppose -u = 4*u - 25. Let s be ((-2)/5)/((-1)/u). Suppose s*g - 2 = 2*x + 12, -2*g = -5*x - 2. What are the prime factors of g?
11
Suppose x + 5*c = 22, -32 - 34 = -4*x + 2*c. What are the prime factors of x?
17
Let h = 21 + 8. Suppose 4*r - h = -5. What are the prime factors of r?
2, 3
Let l(j) = -j**2 + 8*j - 6. Let s be l(6). Suppose 0 = c - 2*n - 27, -9 = -c - 2*n + s. List the prime factors of c.
3, 7
Let v(l) = -86*l**3 - l**2 - l. List the prime factors of v(-1).
2, 43
Let o(r) = -r + 5. Let d be o(5). Suppose 4*n - 12 = -d*n. Suppose 5*p - 60 = -5*w, -n*w + 0*w + 24 = -3*p. What are the prime factors of w?
2, 5
Suppose 0 = 3*w - 5*c + 4, -3*w - 5*c = -11 - 35. List the prime factors of w.
7
Suppose -4*a + 61 = -155. Let n(x) = 2*x**2 + 5*x - 4. Let l be n(-6). Let o = a - l. List the prime factors of o.
2
Suppose 0 = 3*r - 3*c - 640 - 236, 1440 = 5*r + 5*c. List the prime factors of r.
2, 5, 29
Suppose 2*r - 82 = 58. List the prime factors of r.
2, 5, 7
Suppose -3*x + 5*g + 0 = -53, -4*g = -4*x + 68. What are the prime factors of x?
2
Let u = 598 + -345. List the prime factors of u.
11, 23
Suppose -8*g + 16*g - 2296 = 0. List the prime factors of g.
7, 41
Suppose 5*w - 4*w + 90 = 0. List the prime factors of (-12)/w - 103/(-15).
7
Let b = -85 + 124. List the prime factors of b.
3, 13
Let z(r) = 2*r**2 + 4*r + 1. What are the prime factors of z(-3)?
7
Let m(g) = -22*g. Let i be m(1). Let s = 127 + -91. Let d = i + s. List the prime factors of d.
2, 7
Let m = -38 + 50. List the prime factors of m.
2, 3
Let f = -6 + 8. What are the prime factors of f?
2
Let l = 105 + -70. Let a be (-2)/4 + (-27)/(-6). Suppose -a*k - k = -l. What are the prime factors of k?
7
Let i(g) = 10*g + 10. Let y(t) = -1. Let j(l) = 2*i(l) + 20*y(l). What are the prime factors of j(2)?
2, 5
What are the prime factors of (-5)/((-1)/1) + 193?
2, 3, 11
What are the prime factors of 1*-6*(5 - 6)*31?
2, 3, 31
Suppose -9*z - 672 = -16*z. What are the prime factors of z?
2, 3
Let f(d) = 4*d**2 + d - 1. Let n be f(1). Let v be 0 - -1 - (-3 - -3). Suppose 0 = -n*z + 25 - v. What are the prime factors of z?
2, 3
Let k(o) = o**3 - 5*o**2 + o. Let x be k(5). Suppose -x*w - 12 = -w. Let r(c) = -2*c - 4. What are the prime factors of r(w)?
2
Let c(w) = -3*w**2 + 15*w - 16. Let a(f) = f**2 - 7*f + 8. Let i(u) = 5*a(u) + 2*c(u). List the prime factors of i(-6).
2
Let c(w) be the third derivative of w**6/120 + w**5/12 - 2*w**3/3 - w**2. What are the prime factors of c(-4)?
2, 3
Suppose 960 - 80 = 4*l. What are the prime factors of l?
2, 5, 11
Let p(s) = s**2 + 5*s + 1. Let a be p(-4). Let m be a/9 - 446/(-6). Suppose -3*n - 5*x = -6*n + m, -4*x = 16. List the prime factors of n.
2, 3
Suppose 3*k + 5*s - 40 = -0*s, 5 = -4*k + 5*s. Suppose f - 4*o = 37, -5*o + 139 = k*f - 2*o. List the prime factors of f.
29
Let m(h) = -3*h**3 - h**2 - h. Let i be m(-1). Suppose i*f - 2 = 46. Suppose 2*l = 2 + f. List the prime factors of l.
3
Let t = 286 - 186. List the prime factors of t.
2, 5
Suppose r - 2*d = -26, -d = -5*r - 13 - 162. Let u = 61 + r. What are the prime factors of u?
5
Let d(g) = -7*g. Let h be d(4). Let z = h - -50. Suppose 4*k - z = 2. List the prime factors of k.
2, 3
Suppose -4*n = 11 - 31. Suppose -28 = -4*b - u + 3*u, -3*u = -2*b + 22. Suppose n*w - 10 = b. List the prime factors of w.
3
Suppose v - 41 = 37. What are the prime factors of v?
2, 3, 13
Suppose -7*n + 9*n + 10 = 0. Let q(j) = 1 - 2*j + j + 0 + 5*j**2 + j**3. List the prime factors of q(n).
2, 3
Let a be 1 + -3 - (1 - 3). Suppose a = z - 0*z - 19. What are the prime factors of z?
19
Suppose -2*g = w - 4 + 2, 10 = -5*w. Suppose 0 = -g*y - 0*y + 4. What are the prime factors of y?
2
Suppose -525 + 1845 = 8*v. List the prime factors of v.
3, 5, 11
Suppose 60 = 177*d - 176*d. What are the prime factors of d?
2, 3, 5
Let i(w) be the third derivative of -w**4/4 - w**3/6 - 3*w**2. What are the prime factors of i(-2)?
11
Let d(g) = 206*g**3 - 3*g**2 + 3*g - 2. List the prime factors of d(1).
2, 3, 17
Suppose -5*c = c - 1104. What are the prime factors of c?
2, 23
Let y(a) = 9*a - 1. Let j be y(5). Suppose 2 = 2*r - 3*u - j, 3*r - 4*u - 68 = 0. List the prime factors of r.
2, 5
Let o = 69 + -5. List the prime factors of o.
2
Let p = 8 +